st the prime factors of 78942.
2, 3, 59, 223
What are the prime factors of 659168?
2, 20599
What are the prime factors of 13816287?
3, 19, 43, 1879
What are the prime factors of 2034983?
181, 11243
What are the prime factors of 107068?
2, 13, 29, 71
What are the prime factors of 893897?
893897
What are the prime factors of 20975581?
11, 1906871
List the prime factors of 87161.
43, 2027
List the prime factors of 978381.
3, 108709
What are the prime factors of 24030605?
5, 17, 282713
List the prime factors of 139765.
5, 27953
List the prime factors of 446183.
31, 37, 389
List the prime factors of 10981590.
2, 3, 5, 366053
What are the prime factors of 152793?
3, 5659
List the prime factors of 295554.
2, 3, 7, 31, 227
What are the prime factors of 631260?
2, 3, 5, 7, 167
What are the prime factors of 61554?
2, 3, 10259
What are the prime factors of 11056239?
3, 17, 127, 569
What are the prime factors of 116404?
2, 29101
What are the prime factors of 1168076?
2, 7, 13, 3209
What are the prime factors of 7212445?
5, 29, 49741
List the prime factors of 927931.
293, 3167
List the prime factors of 277844.
2, 7, 9923
What are the prime factors of 8985438?
2, 3, 7, 11, 2161
What are the prime factors of 354872?
2, 7, 6337
List the prime factors of 263474.
2, 103, 1279
List the prime factors of 760397.
11, 69127
What are the prime factors of 231652?
2, 29, 1997
What are the prime factors of 25671136?
2, 59, 13597
List the prime factors of 744072.
2, 3, 7, 43, 103
What are the prime factors of 187884?
2, 3, 17, 307
What are the prime factors of 8814100?
2, 5, 19, 4639
What are the prime factors of 173108?
2, 13, 3329
What are the prime factors of 1792995?
3, 5, 119533
What are the prime factors of 17353381?
43, 403567
List the prime factors of 5880084.
2, 3, 7, 70001
List the prime factors of 2066528.
2, 64579
List the prime factors of 1592729.
1592729
List the prime factors of 12742939.
11, 19, 3209
What are the prime factors of 3850362?
2, 3, 113, 631
List the prime factors of 21825480.
2, 3, 5, 239, 761
What are the prime factors of 14991476?
2, 31, 120899
List the prime factors of 653750.
2, 5, 523
What are the prime factors of 975681?
3, 7, 17, 911
List the prime factors of 210077.
7, 30011
List the prime factors of 265760.
2, 5, 11, 151
List the prime factors of 284701.
284701
What are the prime factors of 5688348?
2, 3, 474029
List the prime factors of 319181.
19, 107, 157
What are the prime factors of 25629?
3, 8543
What are the prime factors of 314909?
7, 44987
List the prime factors of 255075.
3, 5, 19, 179
What are the prime factors of 50232?
2, 3, 7, 13, 23
What are the prime factors of 557328?
2, 3, 17, 683
List the prime factors of 7908844.
2, 31, 63781
List the prime factors of 1428270.
2, 3, 5, 47609
What are the prime factors of 882298?
2, 103, 4283
What are the prime factors of 732061?
11, 61, 1091
List the prime factors of 9116026.
2, 47, 96979
What are the prime factors of 169561?
7, 24223
What are the prime factors of 12935291?
12935291
What are the prime factors of 3659574?
2, 3, 609929
What are the prime factors of 162672?
2, 3, 3389
What are the prime factors of 19488084?
2, 3, 7, 11, 23, 131
What are the prime factors of 3364423?
3364423
List the prime factors of 2343652.
2, 585913
List the prime factors of 8734522.
2, 67, 65183
What are the prime factors of 218917?
179, 1223
What are the prime factors of 223252?
2, 55813
List the prime factors of 126540.
2, 3, 5, 19, 37
List the prime factors of 8510895.
3, 5, 31, 6101
List the prime factors of 415601.
67, 6203
List the prime factors of 67073.
67073
List the prime factors of 2468232.
2, 3, 13, 293
What are the prime factors of 141711?
3, 47237
What are the prime factors of 3290343?
3, 7, 156683
What are the prime factors of 786519?
3, 281, 311
What are the prime factors of 1499265?
3, 5, 33317
What are the prime factors of 6631897?
71, 93407
List the prime factors of 11034676.
2, 113, 24413
List the prime factors of 1011339.
3, 7, 5351
List the prime factors of 11783828.
2, 7, 420851
What are the prime factors of 1400788?
2, 47, 7451
What are the prime factors of 23724572?
2, 5931143
List the prime factors of 1635753.
3, 7, 77893
What are the prime factors of 549684?
2, 3, 15269
What are the prime factors of 124009?
269, 461
List the prime factors of 10671565.
5, 29, 73597
What are the prime factors of 746242?
2, 7, 151, 353
List the prime factors of 30666534.
2, 3, 5111089
What are the prime factors of 1265670?
2, 3, 5, 7, 41
What are the prime factors of 312319?
7, 44617
What are the prime factors of 3290339?
13, 253103
What are the prime factors of 159239?
17, 19, 29
List the prime factors of 1171872.
2, 3, 13, 313
List the prime factors of 938598.
2, 3, 311, 503
What are the prime factors of 281645?
5, 7, 13, 619
List the prime factors of 1172832.
2, 3, 19, 643
What are the prime factors of 806825?
5, 59, 547
What are the prime factors of 102157?
11, 37, 251
List the prime factors of 4321469.
151, 28619
List the prime factors of 3752850.
2, 3, 5, 127, 197
List the prime factors of 2964368.
2, 11, 16843
What are the prime factors of 331990?
2, 5, 33199
What are the prime factors of 301642?
2, 11, 13711
What are the prime factors of 242996?
2, 13, 4673
List the prime factors of 5179458.
2, 3, 17, 29, 103
List the prime factors of 618171.
3, 17, 23, 31
List the prime factors of 5825247.
3, 59, 32911
What are the prime factors of 19293493?
19, 41, 24767
What are the prime factors of 7246245?
3, 5, 101, 4783
What are the prime factors of 1351025?
5, 13, 4157
What are the prime factors of 115800?
2, 3, 5, 193
What are the prime factors of 192264?
2, 3, 8011
What are the prime factors of 908371?
19, 47809
What are the prime factors of 3197410?
2, 5, 47, 6803
List the prime factors of 126512.
2, 7907
What are the prime factors of 12047683?
61, 313, 631
What are the prime factors of 516312?
2, 3, 71, 101
What are the prime factors of 1255924?
2, 313981
List the prime factors of 204364.
2, 19, 2689
List the prime factors of 39640.
2, 5, 991
List the prime factors of 1453195.
5, 509, 571
What are the prime factors of 710615?
5, 142123
List the prime factors of 1656174.
2, 3, 13, 17, 1249
List the prime factors of 148975.
5, 59, 101
What are the prime factors of 928847?
61, 15227
List the prime factors of 372251.
11, 43, 787
What are the prime factors of 35220260?
2, 5, 17, 71, 1459
List the prime factors of 3950736.
2, 3, 82307
List the prime factors of 8535458.
2, 4267729
What are the prime factors of 2711261?
7, 409, 947
What are the prime factors of 17971359?
3, 7, 19, 73, 617
List the prime factors of 210833.
7, 30119
List the prime factors of 119988.
2, 3, 11, 101
List the prime factors of 43445.
5, 8689
What are the prime factors of 125404?
2, 107, 293
List the prime factors of 370551.
3, 123517
List the prime factors of 674116.
2, 127, 1327
What are the prime factors of 528371?
19, 27809
What are the prime factors of 1044741?
3, 348247
What are the prime factors of 9531183?
3, 3177061
What are the prime factors of 1874928?
2, 3, 11, 53, 67
What are the prime factors of 730757?
730757
List the prime factors of 6163424.
2, 101, 1907
List the prime factors of 387967.
387967
List the prime factors of 141316.
2, 7, 103
List the prime factors of 10472011.
11, 952001
What are the prime factors of 821769?
3, 13, 19, 1109
List the prime factors of 1231344.
2, 3, 17, 503
What are the prime factors of 817633?
83, 9851
List the prime factors of 2456371.
2456371
List the prime factors of 862519.
7, 123217
List the prime factors of 22800.
2, 3, 5, 19
What are the prime factors of 10864113?
3, 13, 163, 1709
What are the prime factors of 866660?
2, 5, 17, 2549
What are the prime factors of 563517?
3, 773
List the prime factors of 209877.
3, 69959
What are the prime factors of 183974?
2, 7, 17, 773
What are the prime factors of 103133?
151, 683
What are the prime factors of 34095792?
2, 3, 191, 3719
What are the prime factors of 68197?
47, 1451
What are the prime factors of 9772595?
5, 7, 31, 9007
List the prime factors of 33733139.
11, 3066649
List the prime factors of 1807906.
2, 83, 10891
What are the prime factors of 240965?
5, 48193
List the prime factors of 301890.
2, 3, 5, 29, 347
Wha